1
Let r(k) = k**2 - k - 3. Let l be r(3). Suppose 38*s - 1188 = -61*s. Suppose 3879 - 3735 = s*q. Calculate the highest common divisor of l and q.
3
Let v(l) = 2*l**2 - 56*l + 36. Let f(o) = o**3 - 2*o**2 - 2*o + 28. Let i be f(0). Let y be v(i). What is the highest common factor of 63 and y?
9
Let x = -49 + 51. Suppose 0 = -3*i - 15, -12 = -x*g - 3*i - 33. Let r be (-29)/g - (-4)/(-6). Calculate the highest common factor of 45 and r.
9
Let r(q) = q**2 - 13*q + 2. Let y be r(0). Suppose -c = 4*z - 1, -y*c = c + 4*z - 3. Calculate the greatest common divisor of c and 7.
1
Let u be (-2 - 1)*9324/(-756). Calculate the greatest common factor of u and 98.
1
Let n be 1 + (4 - 4) + 2. Suppose -2*a = -4*r - 6*a + 56, -2*r + a = -13. Let x be r + (-2)/(-6)*-1*12. Calculate the greatest common factor of x and n.
1
Let w = -2705 + 2915. Calculate the highest common divisor of 20 and w.
10
Suppose -42*n = -942 + 102. Calculate the highest common divisor of 236 and n.
4
Let n(b) = -3*b**3 - 6*b**2 - 43*b - 102. Let i be n(-3). Let z = -61 - -85. Calculate the highest common factor of i and z.
6
Let n(a) = -4*a**3 - 2*a**2 - 3*a - 4. Let i be n(-2). Suppose -300 = -30*d + 10*d. Suppose 41 = u + d. What is the highest common divisor of u and i?
26
Let m be (18/10)/(18/(-60)). Let l be 268 - (m/4)/((-9)/(-24)). Calculate the greatest common divisor of 17 and l.
17
Let f be (2 + -3)/(5/(-35)). Suppose -f*z + 106 = -62. What is the greatest common factor of z and 6?
6
Let p = 164 + -164. Suppose -9*y + 30 + 6 = p. Calculate the highest common divisor of y and 34.
2
Let p = -41 + 126. Let g(t) = 11*t + 7. Let n(d) = 12*d + 7. Let a(w) = -4*g(w) + 3*n(w). Let b be a(-3). What is the highest common divisor of p and b?
17
Suppose 0 = 36*j - 44*j + 5*x + 1023, -4*x - 264 = -2*j. What is the greatest common factor of 720 and j?
18
Suppose s = -3*t + 15012 + 9197, 3*s + 32283 = 4*t. What is the greatest common factor of 30 and t?
30
Suppose -416*m + 9023 + 33877 = -130*m. What is the highest common factor of 2190 and m?
30
Let m(r) = 7*r + 1. Suppose 9*u - 7*u + 30 = 0. Let a = u - -20. Let c be m(a). What is the greatest common factor of 9 and c?
9
Suppose 4*h - 1 - 15 = 0, -4*s - 5*h = -10300. What is the highest common factor of 20 and s?
10
Let q = -44 + 83. Let x be 8/(-7 - -8) - (1 + 3). Let a(r) = r**3 + r - 42. Let i be a(x). Calculate the greatest common divisor of q and i.
13
Let i be (2/6)/((-3)/(-27)). Let p(y) = -2*y**3 - 6*y**2 + 4*y + 15. Let t = -706 - -703. Let n be p(t). Calculate the greatest common factor of i and n.
3
Let d be 10 + (4*2/4)/(-2). Suppose y - 6 = -n - n, -n + y = -d. Let r be (n/(-5))/(2/(-36)). What is the greatest common factor of 18 and r?
18
Suppose -16718690 + 5340386 = -544*p. What is the highest common factor of 756 and p?
252
Let g = 4970 + -4715. Calculate the greatest common divisor of g and 265.
5
Let t = 276 - 260. Let c be 12*-2*(-4)/t. Calculate the highest common divisor of 192 and c.
6
Let k = 124 - 116. Suppose -3*v = -v - k. What is the highest common factor of v and 32?
4
Suppose 11*w - 1482 = -327. Calculate the greatest common divisor of w and 1295.
35
Suppose 242*k + 4368 = 270*k. Suppose 45 + 33 = 2*a. What is the highest common divisor of a and k?
39
Let s(i) = i**3 + i**2 - 2*i + 30. Suppose 3*u - g = -3, -11*g + 3 = 2*u - 10*g. Let y be s(u). Calculate the highest common divisor of 4 and y.
2
Let v = 786 + -643. Let y = -13 + 22. Let w = 22 - y. Calculate the highest common factor of w and v.
13
Suppose 4*m - 15 = -7. Suppose m*y = -y - 81. Let c = y - -47. What is the highest common divisor of c and 60?
20
Let n be ((-2395)/(-1916))/(1/76). Suppose 3*w + 2*r = 1704, 3*r = -w + 2 + 559. What is the greatest common factor of w and n?
95
Let q(f) = -f**2 + 14*f + 16. Let w be q(15). Suppose 4*v = -4*v - 72. Let z(r) = r + 16. Let m be z(v). Calculate the greatest common factor of w and m.
1
Let o(x) = -x**3 - 12*x**2 - 23*x - 3. Let f(u) = 6*u + 2. Let p be f(-2). Let b be o(p). Let a = b + -19. What is the greatest common divisor of a and 20?
4
Suppose 12*z - 17*z + 219 = 2*a, -3*z + 141 = -2*a. Suppose -21*s + 81 = -z. Calculate the greatest common factor of 54 and s.
6
Let c(p) = p**3 - p**2 + p + 29772. Let k be c(0). Calculate the highest common factor of k and 12.
12
Let o(r) = r**3 + 9*r**2 - 13*r - 12. Let f be o(-10). Suppose -f = -21*n + 24. What is the highest common divisor of 44 and n?
2
Let b = -369 - -393. Suppose 2*j = 0, 4*p - 20 = -3*j + b. What is the highest common divisor of 44 and p?
11
Suppose 5*q - 20 = 20. Suppose 106*c + 637 - 1697 = 0. What is the highest common divisor of q and c?
2
Let n(s) = 19*s + 39*s - 24*s + 14*s. Suppose -2*z - 1 + 3 = 0. Let g be n(z). What is the greatest common factor of g and 3?
3
Suppose -4*k - 2*b = 81 - 427, -4*k + 352 = 4*b. Suppose 2*h + m = -2*m + 352, -5*h = -5*m - 830. What is the greatest common divisor of h and k?
85
Suppose 2*s - 90 = -3*o, -3*s - 251*o = -246*o - 134. Calculate the greatest common factor of s and 104.
8
Suppose 31*v + 130*v - 2574 = -37*v. Calculate the greatest common divisor of 44 and v.
1
Suppose -3*p - 5*x + 34666 = 0, -5*p - 77*x + 57725 = -79*x. Calculate the highest common factor of 9 and p.
9
Let y be -9*(-3)/18*-2*1. Let p(t) = 2*t**2 + 3*t + 12. Let b be p(y). What is the highest common factor of b and 14?
7
Let b(f) = -288*f + 143*f + 28 + 60 + 138*f. Let v be b(-8). What is the highest common divisor of 16 and v?
16
Suppose 0 = 8*p + 2 - 18. Suppose 3*q = 3*f - 132, -p*f - 4*q + 118 = f. Let o be 278/10 - (-1)/5. Calculate the highest common divisor of o and f.
14
Let r = -684 + 732. Suppose 189 = 5*m + 3*j, 11 = 2*m - 3*j - 52. Calculate the greatest common factor of m and r.
12
Suppose -2*a = -3*n - 62, 57*n = -3*a + 59*n + 108. What is the highest common divisor of a and 4440?
40
Suppose -4*v = 26*v + 2670. Let y = v + 107. Calculate the greatest common divisor of y and 486.
18
Let p = -496 - -771. Let o = p - 231. Let v(l) = -10*l - 5. Let b be v(-6). Calculate the highest common factor of o and b.
11
Let w be 585/26*(-168)/(-30). Let p = 14 + -2. Let t = p - -16. What is the highest common divisor of w and t?
14
Let x(r) = 25*r - 23. Let v be x(1). Let o be (2 - 1)*1*10. What is the highest common divisor of o and v?
2
Let c(w) = -454*w + 1026. Let j be c(-21). What is the greatest common factor of j and 80?
80
Let z be 43368/104 - 2/(4/6). Let c be z/21 + (-42)/(-147). Let x be (61 - -1) + 8/(-4). Calculate the highest common divisor of c and x.
20
Let c be 58644/(-1448)*(-8)/3. What is the greatest common factor of 1161 and c?
27
Let l be 9/(-72) - (-33)/8 - -2. Let y be ((-20)/6)/(l/(-9)). Suppose -385 = -5*w - 3*k, -2*w + 61 + 74 = y*k. What is the greatest common factor of w and 16?
16
Let v(m) = 4*m**2 + 79*m + 28. Let d be 1 + 11/((-22)/42). Let z be v(d). What is the greatest common factor of z and 204?
12
Let h(l) = 2*l**3 - 12*l**2 - 268*l + 37. Let s be h(15). What is the highest common factor of s and 6767?
67
Let g be (-2)/5 - (-1684)/10. Let l(z) = z**3 + 24*z**2 - 28*z + 631. Let p be l(-26). Calculate the highest common factor of g and p.
7
Let o be 44 - (-40)/(0 + -5). Let m(s) = -s**2 - 18*s - 24. Let q be m(-16). Let b be 1/q + (-190)/(-16). Calculate the greatest common divisor of b and o.
12
Suppose -91*z + 85*z - 864 = 0. Let o be (z/(-30))/(1 + (-13)/15). Calculate the greatest common divisor of 48 and o.
12
Let k = -366 + 841. Suppose 19*d = -0*d + k. Calculate the greatest common divisor of 40 and d.
5
Let a = 178 - 91. Let j = a - 87. Suppose -10*f - 9 + 249 = j. Calculate the highest common divisor of f and 16.
8
Suppose 27*l - 32*l + 3*a + 73 = 0, -4*a = 6*l - 80. Calculate the highest common factor of l and 6706.
14
Let j be (-2 + 5 + 1)/(31/(-651)). Let s = j - -88. Calculate the greatest common divisor of s and 116.
4
Let g = -84 + 31. Let n = g + 58. Suppose 3*m - 20 - 100 = 0. Calculate the highest common divisor of n and m.
5
Let q be (-36)/(-15) - 2/5. Suppose -24*w = 5*k - 28*w - 40, -q*k + w + 16 = 0. Calculate the greatest common divisor of 32 and k.
8
Let x(t) = -t**3 - 5*t**2 - 39*t - 590. Let r be x(-16). Calculate the greatest common factor of r and 20.
10
Suppos